?
23
Let c(h) = 8*h**2 + h - 17. Calculate the remainder when c(-5) is divided by 18.
16
Let v(h) = h**3 + h + 1. Calculate the remainder when v(0) is divided by 1.
0
Let g = -22 - -55. Suppose d + 2*d = g. Suppose -2*s = -7*s + 20. What is the remainder when d is divided by s?
3
Let z(v) = v**3 + 3*v**2 - v - 1. Calculate the remainder when z(3) is divided by (-34)/85 + (-87)/(-5).
16
Suppose 2*s + 3*s = 500. Suppose -s = -3*l - 28. What is the remainder when l is divided by 13?
11
Calculate the remainder when 13 is divided by (-18)/(-21)*14/3.
1
Let j = 1 - 5. Let a(w) = w + 8. Suppose -2*s = -s - 11. Calculate the remainder when s is divided by a(j).
3
Let i(h) = 3*h + 1. What is the remainder when 0 - 32/(-2) - -3 is divided by i(3)?
9
Suppose 4*k - 8 = 0, 35 = -y + 4*k + 155. Calculate the remainder when y is divided by 44.
40
Let l = -3 + 5. Suppose 0 = l*m - 9 - 7. What is the remainder when m is divided by ((-4)/8)/((-2)/12)?
2
Let w(b) = 2*b**2 - 7*b + 10. Calculate the remainder when w(4) is divided by 6.
2
Let q(c) = -10*c**3 + c**2 - c - 1. Calculate the remainder when q(-1) is divided by 4.
3
Let r = -13 + 17. What is the remainder when 8 is divided by r?
0
Let n be (-3)/(36/(-69))*4. Suppose -n = -z + 4*i, -4*z + 2*i + 20 = -58. Calculate the remainder when z is divided by -2 - (1 + 0)*-7.
4
Let c(a) = 3*a**2 - 9*a + 8. Calculate the remainder when c(6) is divided by 16.
14
Let b(i) = -2*i. Let r be b(1). Calculate the remainder when 0 + r - -35 - -2 is divided by -9*((-39)/9 - -3).
11
Let d = 5 + -1. Let s = 5 - -3. Let z = s - d. What is the remainder when z is divided by 2?
0
Suppose -5*p + 0*p = -130. Let v(x) = x**3 + 5*x**2 - 9*x + 6. What is the remainder when v(3) is divided by p?
25
What is the remainder when 2 + (82 - -2) + 0 is divided by 29?
28
Suppose -6*t = 101 - 545. What is the remainder when t is divided by 25?
24
Suppose 3*l - 6*l = -51. Calculate the remainder when (25 - -1)*(1 + (-21)/(-14)) is divided by l.
14
Let v be (-196)/(-21) + 4/6. Calculate the remainder when 21 is divided by 3/(-5) - (-66)/v.
3
Suppose -16 + 3 = -q. Let n(g) = -14*g - 20. Let l(b) = 5*b + 7. Let p(c) = -17*l(c) - 6*n(c). What is the remainder when q is divided by p(-6)?
6
Let h = 12 + -2. Let q = 7 + -5. Suppose 3*c - 46 = w + 4*w, 4*c = q*w + 66. Calculate the remainder when c is divided by h.
7
Suppose -3*i = -6, -f + 2 = 4*i - 7. Suppose 0 = q + 2*s + 2, -3*s = -q - f + 9. Let b = q - -3. Calculate the remainder when 18 is divided by b.
3
Suppose 0 = -2*z - z + 9. Let x(c) = -c**2 + 4*c + 1. Let u be x(z). Let w = 7 + u. What is the remainder when 32 is divided by w?
10
Let c = -37 + 113. What is the remainder when c is divided by 26?
24
Let z be -1 + (1 - 2*-1). Suppose -4*t = -t. Suppose t*q = -z*q + 16. Calculate the remainder when 15 is divided by q.
7
Let b = -88 - -125. Calculate the remainder when b is divided by 20.
17
Let v = 43 - 26. What is the remainder when v is divided by 7?
3
Let p = 33 - 23. Let a be (12/p)/((-3)/(-60)). Suppose -4*f = -a - 28. Calculate the remainder when 25 is divided by f.
12
Suppose n + 4*j + 1 = 19, -n = -4*j - 42. Let g = n + 1. What is the remainder when 121 is divided by g?
28
Let a(f) = f**2 - 9*f - 4. Let h be a(8). Let u = -6 - h. What is the remainder when 11 is divided by u?
5
Let x = -2 - 6. Let r = x - -17. What is the remainder when 26 is divided by r?
8
Suppose -3*d + 6*d = 42. Suppose 7*s - 4*s - 117 = 0. Calculate the remainder when s is divided by d.
11
What is the remainder when 15 is divided by ((-54)/30)/(2/(-10))?
6
Suppose -4*d = 47 + 109. Let h = d + 73. What is the remainder when h is divided by 12?
10
Suppose -31 = -4*i + 37. Let j(a) = -a**3 - 5*a**2 + 9*a - 2. What is the remainder when j(-7) is divided by i?
16
Suppose -2*n = n - 3. Calculate the remainder when ((-6)/(-3))/(-1 - -3) is divided by n.
0
Let c(b) = -b**3 - 2*b**2 + 5*b + 6. Calculate the remainder when 50 is divided by c(-4).
14
Let b = -7 + 12. Let g(y) = 3*y**2 - 2*y + 1. Let a be g(1). Suppose -2*t + 6*t - 4*o - 56 = 0, a*o + 42 = 3*t. What is the remainder when t is divided by b?
4
Suppose o - 3*o = 6. Let p = o + 13. What is the remainder when p is divided by 4?
2
Suppose 0 = y - 31 + 13. Calculate the remainder when 85 is divided by y.
13
Calculate the remainder when 97 is divided by -4 - (2 + -4 - 29).
16
Let n(s) = s**3 + 10*s**2 - 13*s - 6. Calculate the remainder when 51 is divided by n(-11).
3
Let l = 3 - 2. Let x = 8 + l. What is the remainder when 17 is divided by x?
8
Suppose 108 = 4*q - 0*q. What is the remainder when 133 is divided by q?
25
Suppose 0 = 14*j - 10*j - 324. Calculate the remainder when j is divided by 28.
25
Calculate the remainder when 105 is divided by 12*(50/8 + -4).
24
Let y = -11 + 15. Suppose -3*t - 9 = 5*k, 4*t + t + 4*k = -2. Calculate the remainder when y is divided by t.
0
Suppose -4*v - 1 = -9. Suppose -h - 237 = -4*p, p = -p + v*h + 114. Suppose -9*a + p = -4*a. Calculate the remainder when a is divided by 7.
5
Let s be 7 - (-1 + 2 - -3). Suppose 4*i - o - 2 = -2*o, -s*o = 6. What is the remainder when i is divided by 18/14 + 4/(-14)?
0
Let r be 10/3*(-12)/(-10). Suppose -r*y = -o + 3*o - 32, 3*y = o - 1. Let b = 2 + o. What is the remainder when 23 is divided by b?
11
Let a = -5 + 7. Suppose -3*s = -2*p - 99 + 29, -a*p = 10. Suppose -s = -3*j + 16. What is the remainder when j is divided by 7?
5
Let j be (2/(-4))/((-1)/20). Suppose -5*z - j = -70. Calculate the remainder when 46 is divided by z.
10
Let m = 68 - 58. What is the remainder when m is divided by 3?
1
Let d be (1 - -157)/2 - 4. Let t = -3 + 4. Suppose t = 4*i - d. What is the remainder when 35 is divided by i?
16
Suppose -2*j + 36 = 14. What is the remainder when j is divided by 22/4 - (-2)/4?
5
Let t = -51 + 31. Let s = -11 - t. What is the remainder when s is divided by 5?
4
Let g = 239 - 134. Suppose -8*y + 13*y - g = 0. What is the remainder when y is divided by 12?
9
Suppose 1 = -5*b + 11. Suppose 0 = b*x - 3*x. Suppose x = l - 6*l - 3*u + 175, 3*l - 4*u - 134 = 0. Calculate the remainder when l is divided by 13.
12
Let i(a) = -a**3 - 12*a**2 + 7. Let x(w) = w**2 - 2*w + 3. What is the remainder when x(4) is divided by i(-12)?
4
Suppose -11*d = -12 - 131. Calculate the remainder when 21 is divided by d.
8
Suppose -5*w + 2635 = -5*b, -2*w + 3*b + 1039 = -2*b. What is the remainder when (-2)/(-3 - w/(-180)) is divided by 12?
9
Suppose 0 = -0*i + 2*i - 6, -2*m + i = -1. Calculate the remainder when 3*m/3 + 15 is divided by 9.
8
Suppose 28 = x + p, 5*x - 140 = -0*x + 3*p. Let v = -1 + 4. Let l = 13 - v. What is the remainder when x is divided by l?
8
Suppose -7*w - 768 = -13*w. What is the remainder when w is divided by 43?
42
Calculate the remainder when 12 is divided by (-3)/((-4)/(64/6)).
4
Let a be 2/(-2*2/(-20)). Suppose -m = -3*g - 0*m + a, 4*g = -4*m + 40. Suppose 2*p - 39 = -p. What is the remainder when p is divided by g?
3
Let w = 53 - 14. Calculate the remainder when w is divided by 21.
18
Calculate the remainder when 11/(-22)*(1 + 3*-17) is divided by 13.
12
Let o(v) = -21*v + 5*v - 3 + 2. Let f = 8 + -11. Calculate the remainder when o(f) is divided by 16.
15
What is the remainder when (14/6)/((-12)/(-684)) is divided by 34?
31
Let d = -79 + 120. Let v = -18 + d. Calculate the remainder when 44 is divided by v.
21
Let l(x) = x**3 - x**2 - 3*x. Suppose -20 - 8 = -4*q. Suppose 8*h - 24 = q*h. Calculate the remainder when h is divided by l(3).
6
Suppose w = 2*c + 5*w, 27 = 3*c - 3*w. Calculate the remainder when c is divided by 3.
0
Suppose 5*y + r = 280, -9*r + 180 = 3*y - 6*r. What is the remainder when y is divided by 15?
10
What is the remainder when 76 is divided by (-24)/(-84) + ((-141)/(-21) - 1)?
4
Suppose 0 = -11*v - 43 + 252. Calculate the remainder when 67 is divided by v.
10
Let d(x) = -21*x - 2. Calculate the remainder when d(-5) is divided by 13.
12
Suppose -3*j = -5*j - 3*p + 11, -j = 2*p - 7. Let q be (-29)/4 - (-1)/4. Let s(u) = u**2 + 7*u + 1. What is the remainder when j is divided by s(q)?
0
Let y(o) = o + 22. What is the remainder when 64 is divided by y(0)?
20
Suppose -2*y = 5*x - 5*y - 49, 0 = x - 3*y - 5. Let k = 21 - x. What is the remainder when 37 is divided 